d by 129.
128
Calculate the remainder when 920 is divided by 839.
81
Calculate the remainder when 27897 is divided by 31.
28
Calculate the remainder when 19900 is divided by 64.
60
Calculate the remainder when 13784 is divided by 114.
104
What is the remainder when 30736 is divided by 2356?
108
Calculate the remainder when 34133 is divided by 2844.
5
What is the remainder when 218111 is divided by 96?
95
Calculate the remainder when 244 is divided by 46.
14
Calculate the remainder when 6022 is divided by 3004.
14
Calculate the remainder when 5837596 is divided by 18.
16
What is the remainder when 21897 is divided by 114?
9
Calculate the remainder when 3522 is divided by 456.
330
Calculate the remainder when 27527 is divided by 806.
123
Calculate the remainder when 109906 is divided by 230.
196
Calculate the remainder when 297009 is divided by 71.
16
What is the remainder when 775 is divided by 67?
38
What is the remainder when 6341 is divided by 719?
589
What is the remainder when 887 is divided by 333?
221
What is the remainder when 5807 is divided by 2898?
11
Calculate the remainder when 53430 is divided by 18.
6
What is the remainder when 224069 is divided by 74684?
17
Calculate the remainder when 242449 is divided by 39.
25
Calculate the remainder when 344867 is divided by 25.
17
What is the remainder when 41924 is divided by 976?
932
What is the remainder when 2454 is divided by 120?
54
What is the remainder when 23654 is divided by 11812?
30
What is the remainder when 104389 is divided by 34?
9
Calculate the remainder when 21578 is divided by 264.
194
What is the remainder when 19675 is divided by 96?
91
What is the remainder when 40424 is divided by 186?
62
Calculate the remainder when 150 is divided by 118.
32
What is the remainder when 1254 is divided by 8?
6
What is the remainder when 465076 is divided by 55?
51
What is the remainder when 429 is divided by 417?
12
What is the remainder when 372043 is divided by 290?
263
Calculate the remainder when 173375 is divided by 8.
7
What is the remainder when 933643 is divided by 343?
340
What is the remainder when 2880 is divided by 279?
90
Calculate the remainder when 3221 is divided by 25.
21
What is the remainder when 68838 is divided by 2549?
15
Calculate the remainder when 61616 is divided by 12.
8
What is the remainder when 35080 is divided by 8761?
36
What is the remainder when 365 is divided by 115?
20
Calculate the remainder when 12710 is divided by 91.
61
Calculate the remainder when 26365 is divided by 256.
253
Calculate the remainder when 27009 is divided by 5392.
49
What is the remainder when 5463 is divided by 287?
10
What is the remainder when 1260 is divided by 164?
112
What is the remainder when 9835 is divided by 4849?
137
Calculate the remainder when 1900 is divided by 613.
61
What is the remainder when 5189 is divided by 595?
429
Calculate the remainder when 565959 is divided by 253.
251
What is the remainder when 228679 is divided by 38?
33
Calculate the remainder when 10425 is divided by 2019.
330
Calculate the remainder when 6212 is divided by 2868.
476
Calculate the remainder when 401709 is divided by 23.
14
What is the remainder when 23246 is divided by 115?
16
Calculate the remainder when 3811 is divided by 378.
31
What is the remainder when 808 is divided by 365?
78
Calculate the remainder when 46703 is divided by 1198.
1179
Calculate the remainder when 47473 is divided by 5920.
113
What is the remainder when 58793 is divided by 139?
135
Calculate the remainder when 8088 is divided by 253.
245
Calculate the remainder when 12881 is divided by 4288.
17
What is the remainder when 51229 is divided by 109?
108
Calculate the remainder when 1671 is divided by 98.
5
What is the remainder when 540 is divided by 131?
16
Calculate the remainder when 876 is divided by 18.
12
What is the remainder when 12163 is divided by 3837?
652
What is the remainder when 264580 is divided by 1107?
7
Calculate the remainder when 206570 is divided by 1054.
1040
What is the remainder when 113088 is divided by 37?
16
What is the remainder when 11729 is divided by 273?
263
What is the remainder when 7148 is divided by 2371?
35
What is the remainder when 8289 is divided by 129?
33
What is the remainder when 7499 is divided by 416?
11
Calculate the remainder when 440236 is divided by 25.
11
Calculate the remainder when 4077 is divided by 1244.
345
What is the remainder when 11749 is divided by 437?
387
What is the remainder when 196820 is divided by 1330?
1310
What is the remainder when 103906 is divided by 1237?
1235
Calculate the remainder when 29582 is divided by 171.
170
Calculate the remainder when 45857 is divided by 200.
57
Calculate the remainder when 1972 is divided by 169.
113
What is the remainder when 20840 is divided by 2974?
22
What is the remainder when 24570 is divided by 24561?
9
Calculate the remainder when 1647837 is divided by 24.
21
What is the remainder when 14381 is divided by 685?
681
What is the remainder when 39754 is divided by 18?
10
Calculate the remainder when 14331 is divided by 175.
156
What is the remainder when 143 is divided by 68?
7
Calculate the remainder when 24834 is divided by 60.
54
Calculate the remainder when 220086 is divided by 61.
59
What is the remainder when 22720 is divided by 13?
9
Calculate the remainder when 12928 is divided by 809.
793
What is the remainder when 102448 is divided by 271?
10
What is the remainder when 9445 is divided by 175?
170
Calculate the remainder when 37103 is divided by 31.
27
Calculate the remainder when 663097 is divided by 122.
27
Calculate the remainder when 4058 is divided by 20.
18
What is the remainder when 4371 is divided by 37?
5
Calculate the remainder when 13455 is divided by 76.
3
Calculate the remainder when 172038 is divided by 12.
6
Calculate the remainder when 6465 is divided by 2155.
0
What is the remainder when 737 is divided by 502?
235
Calculate the remainder when 8710 is divided by 109.
99
What is the remainder when 7582 is divided by 172?
14
What is the remainder when 8647 is divided by 2438?
1333
Calculate the remainder when 503296 is divided by 1438.
1434
Calculate the remainder when 65140 is divided by 2832.
4
What is the remainder when 1441 is divided by 77?
55
Calculate the remainder when 296173 is divided by 75.
73
What is the remainder when 96007 is divided by 1280?
7
Calculate the remainder when 19724 is divided by 4930.
4
Calculate the remainder when 23037 is divided by 11375.
287
Calculate the remainder when 1113 is divided by 263.
61
What is the remainder when 250668 is divided by 250660?
8
What is the remainder when 4893 is divided by 141?
99
Calculate the remainder when 8233 is divided by 747.
16
Calculate the remainder when 146941 is divided by 36733.
9
Calculate the remainder when 9104 is divided by 1203.
683
Calculate the remainder when 21638 is divided by 54.
38
Calculate the remainder when 2322 is divided by 1513.
809
What is the remainder when 8368 is divided by 837?
835
Calculate the remainder when 5963717 is divided by 152.
149
What is the remainder when 1215 is divided by 176?
159
What is the remainder when 5975 is divided by 1874?
353
What is the remainder when 24565 is divided by 57?
55
Calculate the remainder when 32490 is divided by 70.
10
What is the remainder when 908397 is divided by 150?
147
Calculate the remainder when 34195 is divided by 1203.
511
What is the remainder when 3954 is divided by 1236?
246
Calculate the remainder when 72150 is divided by 12010.
90
What is the remainder when 93495 is divided by 34?
29
What is the remainder when 306843 is divided by 331?
6
What is the remainder when 2904 is divided by 121?
0
Calculate the remainder when 30785 is divided by 99.
95
What is the remainder when 4966 is divided by 4926?
40
What is the remainder when 1437 is divided by 851?
586
What is the remainder when 1287 is divided by 1279?
8
Calculate the remainder when 11841 is divided by 103.
99
Calculate the remainder when 107710 is divided by 8.
6
Calculate the remainder when 58837 is divided by 4902.
13
Calculate the remainder when 73570 is divided by 2828.
42
Calculate the remainder when 18713 is divided by 9322.
69
What is the remainder when 84643 is divided by 473